 25*k**2 - 136*k. Let q be j(8). Calculate the highest common factor of 928 and q.
58
Let v be 1*-1*(8 - 3). Let x(p) = -p**2 - 6*p. Let q be x(v). Let y be 103/5 - (-3 + 18/5). Calculate the highest common factor of q and y.
5
Suppose -9 = -5*n - 4*m, 4*n - 4 = 5*m + 36. Let v be 2/((-2)/(-70)*n). Suppose 2*j - 407 = -365. What is the highest common factor of v and j?
7
Let c be 11/44 - 1029/(-12). Let t = c + -56. What is the greatest common factor of 15 and t?
15
Let o be (1 - -148)*16/4*10. Calculate the greatest common divisor of 40 and o.
40
Let s(u) = 17*u**2 - 58*u - 59. Let b be s(-3). What is the highest common divisor of 12 and b?
4
Suppose -2*y = -3*y + 8. Suppose 0 = -w + y + 12. Let z be ((-60)/(14/7))/(-1). What is the greatest common factor of z and w?
10
Let d(c) = c**2 + 69*c + 988. Let m be d(-78). Calculate the highest common divisor of m and 520.
130
Suppose -15*h + 238337 = 41597. What is the highest common divisor of 12 and h?
12
Let g(q) = -q**3 - 7*q**2 + 6*q - 7. Let x(c) = c**3 - 12*c**2 - 17*c + 44. Let m be x(13). Let r be g(m). Calculate the highest common factor of 36 and r.
9
Suppose 0 = -0*v + 2*v - 96. Suppose 16*d - 18*d = 2*b + 68, 2*d = -b - 69. Let w = d - -41. What is the highest common divisor of v and w?
6
Let u = 975 - -373. Calculate the highest common factor of u and 4.
4
Let z be ((-2)/5)/((7/210)/(-1)). Suppose 9*d + 376 = -29. Let o = d - -153. Calculate the greatest common divisor of z and o.
12
Let j be 57/38*(939 - 2/(-2)). Suppose j = 13*l - 1255. Calculate the highest common divisor of l and 41.
41
Let j = 34051 - 21170. Calculate the highest common factor of 11 and j.
11
Let u = -431 + 419. Let p be 99/6 - (-30)/u. Let f be (-122)/(-6) + 4/6. What is the highest common divisor of p and f?
7
Let g = -365 + 615. Suppose -4*y - 20 = 0, 4*v + 5*y - 50 = 7*y. Calculate the greatest common factor of v and g.
10
Suppose -789 = -28*f + 1633 + 14. What is the greatest common factor of 12702 and f?
87
Suppose -158*i - 17258 = -846758. Calculate the greatest common divisor of i and 150.
150
Let l(d) = d. Let b be l(8). Suppose 3*q - b = 10. Let v = 1452 + -1440. What is the highest common factor of q and v?
6
Let o be (-609)/(-58) - (-7)/14. Calculate the greatest common divisor of 4939 and o.
11
Let j be (3 - (4 + 6)) + 9. Suppose 2*i + 64 = 4*v - i, 0 = -j*i. Let o be 12*((-8)/6 + 2). What is the highest common factor of v and o?
8
Suppose 51*h = 53*h - 34. Let j = -161 + 161. Suppose -p - 84 + 220 = j. Calculate the highest common factor of p and h.
17
Let d = -58 + 57. Let p be ((-206)/4)/(d/2). Suppose p = -6*n + 343. Calculate the greatest common divisor of n and 8.
8
Let n be 1 - ((-1770 - -84) + (-3 - 0)). Calculate the highest common factor of n and 30.
10
Let w(b) = 2*b - 4. Let j be w(3). Suppose 0 = -5*t + 3*o + 1061, j*o + 2 = 3*t - 634. Let c = t - 71. What is the highest common divisor of 13 and c?
13
Let i be 1494/(-15)*(112/(-12) - -6). Suppose i*p = 337*p - 725. Calculate the greatest common divisor of 87 and p.
29
Suppose -19*a = -737 + 17 - 78. Calculate the greatest common divisor of a and 3318.
42
Let u(q) = 4*q**2 - 81*q + 5. Let j be u(20). Let t(c) = c**3 + 20*c**2 - 4*c + 63. Let w be t(j). Calculate the greatest common factor of w and 96.
96
Let r = 2973 + -2883. What is the highest common divisor of 405 and r?
45
Let i be 12 - 99/11 - -269. Calculate the highest common factor of 901 and i.
17
Let p = -6768 + 7456. Calculate the greatest common factor of 774 and p.
86
Let c = -4211 + 4221. Calculate the greatest common factor of c and 18.
2
Let q = -20 - -22. Suppose 5*w = -x - 0*x + 141, -2*w = q*x - 314. Calculate the highest common divisor of 23 and x.
23
Let q = 1437 - 483. Let z be -3 + q/15 - (-3)/(-5). Suppose -85 + 1 = -3*h + 3*l, h - 2*l - 32 = 0. Calculate the greatest common divisor of h and z.
12
Let h(g) = g**3 - 5*g**2 + 6*g - 5. Let w be 2/(((-5)/(-2))/5). Let q be h(w). Let t = 52024 + -51979. Calculate the greatest common factor of q and t.
3
Let x(g) = g**2 - g + 1. Let w(d) = d**3 + 2*d**2 + 8*d + 3. Let l(m) = w(m) + 3*x(m). Let b be l(-3). Calculate the highest common divisor of 171 and b.
9
Let a(n) = 6*n**3 + 14*n**2 - 8*n - 53. Let w be a(5). Calculate the highest common factor of 212 and w.
53
Suppose -2*s + 4*y = 510, 0*y + 5*y + 5 = 0. Let i = s + 319. What is the greatest common divisor of 558 and i?
62
Suppose 288995 = -29*i + 64*i. What is the greatest common divisor of i and 23?
23
Let w be 10/20*(-1 + -11). Let o be (4/w)/((-5)/2400*5). Calculate the highest common divisor of 32 and o.
32
Let d = 17 + 5. Let p(o) = 9*o**2 + 10*o + 7. Let w be p(-1). Let n be (w - (4 + -45)) + 8. What is the greatest common factor of n and d?
11
Let l = -72 + 67. Let m be l*(468/(-30))/3. What is the highest common factor of 52 and m?
26
Let z = 89 + 261. Suppose z = 9*s - 64. Let m(i) = 33*i**2 + 6*i + 2. Let c be m(-4). Calculate the greatest common divisor of s and c.
46
Suppose 4 = -0*q + 2*q + 2*r, 3*r - 4 = -q. Let y = -712 - -730. Let a be (2/2)/q - (5 - y). Calculate the greatest common factor of 35 and a.
7
Suppose 0 = 10*o - 11*o + 147. Let f = 1800 - 1779. What is the greatest common divisor of f and o?
21
Let t(c) = c**3 - 12*c**2 + 36*c + 16. Let g be t(5). Let h be (4 - 2)/((-1)/(-14)). Calculate the greatest common divisor of g and h.
7
Let z = 304 + -284. Let y = 118 - z. Calculate the highest common divisor of y and 14.
14
Suppose 0 = -12*z + 10*z + 24. Suppose 6*a = 66 - z. Let y be ((-66)/(-4))/(3/18). Calculate the highest common factor of a and y.
9
Suppose -38*i - 57849 = -273993. What is the highest common factor of i and 144?
72
Let m(h) = 7*h + 66. Let z be m(-9). Suppose j = 5*t - 210 - 229, -3*t + 267 = z*j. Calculate the highest common divisor of 572 and t.
44
Let c = -4185 - -4199. Calculate the highest common divisor of 17094 and c.
14
Suppose 4*p - 46 = -2*a, 2*p = -0*p + 3*a + 19. Suppose 63 = -p*y + 18*y. Calculate the greatest common factor of y and 1.
1
Suppose 40557 = -66*g + 15543. Let m = g - -394. Suppose 17 = 5*u - 283. Calculate the greatest common factor of u and m.
15
Let j be (-42)/28*1/(-3)*10. Suppose -50 = -j*a + 75. Calculate the greatest common divisor of a and 225.
25
Let z(v) = 25*v + 28. Let s be z(7). Let w be s + 2/(-9) + (-180)/(-81). What is the greatest common factor of 82 and w?
41
Let k(f) = 16*f - 22*f + 77 + f**2 + 4*f. Let l be k(0). Let i(t) = -5*t - 4. Let m be i(-3). What is the greatest common factor of m and l?
11
Suppose 4*f - 120 = 4*s, -53 = -3*f - 3*s + 37. Let i = f + -21. Suppose 15 = -3*g, 5*j - 5*g - 28 = 12. Calculate the highest common factor of j and i.
3
Suppose 0 = w + 4*q - 378, 9*w - 8*w - 369 = -5*q. Calculate the highest common factor of 598 and w.
46
Let h = 1434 - 1380. Calculate the highest common divisor of 66 and h.
6
Let o = 14 + -47. Let u = o + 53. Let l(k) = 2*k - 14. Let c be l(12). Calculate the greatest common factor of u and c.
10
Suppose 410 = 4*u - 2. Let r = u - 62. Let f(v) = 3*v**2 - v + 7. Let l be f(-12). Calculate the greatest common factor of r and l.
41
Let f = -56 - -57. Let y be 2/4*(126*f - 2). Suppose -y = -c + 5*i, 3*i - 78 = -c - 0*i. Calculate the greatest common divisor of c and 8.
8
Suppose 2*l - 16 = 4*g, -2*l - 3*g = 3 + 2. Let s(k) = 2*k - 56. Let a be s(29). What is the greatest common divisor of a and l?
2
Let v = -884 + 1454. Let k(q) = -v*q + 286*q + 287*q - 9. Let x be k(12). What is the highest common divisor of 108 and x?
27
Let b = -844 - -979. What is the greatest common factor of 315 and b?
45
Let q(d) = -2*d + 495. Let t be q(-6). What is the highest common factor of t and 13?
13
Let h(o) = 2*o**3 - 2*o**2 + 7*o - 8. Let d be h(5). Let s = -111 + d. Let i be 1/(2/56) - -1. What is the greatest common factor of i and s?
29
Let l(o) = 12*o - 30. Let m = -184 - -188. Let t be l(m). Let w be ((-18)/8)/((-3)/96). What is the highest common divisor of t and w?
18
Suppose 10*z + 583*z + 38621 = 175604. Let a = -34 - -78. What is the highest common divisor of z and a?
11
Let l = -507 - -715. Suppose 0 = -c + 111 - 95. What is the greatest common factor of l and c?
16
Let i(p) = 7*p**3 - 111*p**2 - 18*p + 9. Let a be i(17). Calculate the 